 608 and 324824.
152
Calculate the highest common factor of 101 and 853.
1
What is the highest common divisor of 1233 and 1397674?
137
What is the greatest common factor of 8379 and 9702?
441
What is the greatest common factor of 156 and 133614?
78
What is the highest common divisor of 100 and 1464?
4
Calculate the greatest common divisor of 21434 and 42.
14
Calculate the greatest common factor of 1117407 and 5709.
519
Calculate the greatest common divisor of 19 and 272213.
19
What is the highest common divisor of 20 and 11665?
5
What is the highest common factor of 13 and 2093923?
13
Calculate the greatest common divisor of 1748 and 73002.
46
Calculate the greatest common divisor of 4886 and 14.
14
What is the greatest common factor of 63075 and 1335?
15
What is the greatest common factor of 8015 and 5810?
35
Calculate the highest common factor of 36 and 64566.
18
Calculate the greatest common factor of 146 and 21365348.
146
Calculate the greatest common factor of 66 and 40634.
22
What is the greatest common divisor of 94 and 42629?
47
What is the highest common divisor of 75570 and 1650?
330
What is the greatest common divisor of 50403 and 795?
159
What is the greatest common divisor of 78 and 11274?
6
Calculate the highest common factor of 25 and 17550.
25
Calculate the highest common factor of 1465 and 2645.
5
Calculate the greatest common factor of 12166 and 384967.
869
What is the highest common factor of 3438 and 628008?
1146
What is the greatest common factor of 208 and 11427?
13
What is the greatest common divisor of 2834 and 46488?
26
What is the greatest common factor of 45198 and 90?
18
What is the greatest common factor of 52 and 4914?
26
Calculate the highest common factor of 38587 and 1034.
47
What is the highest common factor of 137757 and 564?
141
Calculate the greatest common divisor of 3052 and 119791.
763
Calculate the highest common divisor of 8 and 11476.
4
Calculate the greatest common divisor of 424338 and 12.
6
What is the highest common divisor of 5 and 67205?
5
Calculate the highest common divisor of 49319 and 447.
149
Calculate the highest common divisor of 18 and 14.
2
What is the greatest common divisor of 700 and 252?
28
What is the greatest common factor of 885 and 672895?
295
What is the greatest common factor of 117915 and 140?
35
Calculate the greatest common divisor of 11960 and 5512.
104
Calculate the greatest common factor of 203032 and 328.
328
What is the greatest common divisor of 815747 and 113?
113
Calculate the highest common factor of 319 and 418.
11
Calculate the greatest common divisor of 45 and 1581760.
5
Calculate the highest common divisor of 627 and 29073.
33
What is the highest common divisor of 864 and 1592?
8
Calculate the greatest common factor of 940 and 18988.
188
What is the highest common factor of 609 and 223097?
203
Calculate the highest common divisor of 20105 and 30.
5
What is the highest common divisor of 2800 and 19152?
112
Calculate the highest common factor of 501760 and 392.
392
What is the greatest common factor of 950 and 47900?
50
What is the highest common divisor of 543 and 61540?
181
Calculate the highest common divisor of 1524252 and 666.
222
What is the greatest common factor of 128 and 550016?
128
Calculate the highest common factor of 672 and 441.
21
What is the greatest common factor of 8294589 and 1734?
867
What is the highest common divisor of 1394173 and 11?
11
What is the highest common factor of 490978 and 1054?
62
What is the highest common divisor of 5805249 and 87?
87
What is the highest common factor of 18 and 21393?
9
Calculate the greatest common factor of 30 and 341230.
10
Calculate the greatest common divisor of 21056 and 192.
64
Calculate the greatest common divisor of 1969 and 173093.
179
What is the greatest common factor of 1100784 and 57?
57
Calculate the greatest common divisor of 59014 and 4598.
38
What is the highest common factor of 291947 and 274?
137
What is the highest common factor of 1785728 and 16?
16
Calculate the greatest common divisor of 23407 and 19725.
263
What is the highest common divisor of 202 and 17069?
101
What is the highest common factor of 22400 and 1043?
7
What is the highest common divisor of 10 and 56410?
10
Calculate the greatest common divisor of 805 and 36915.
115
What is the highest common factor of 256 and 930688?
128
Calculate the highest common factor of 135315 and 117.
9
Calculate the highest common divisor of 634892 and 103.
103
What is the greatest common divisor of 15582 and 11809?
49
Calculate the greatest common factor of 490498 and 92.
46
Calculate the highest common factor of 75 and 53425.
25
What is the greatest common factor of 16767 and 57063?
69
What is the highest common divisor of 1096642 and 114?
38
Calculate the greatest common divisor of 163176 and 312.
312
What is the highest common factor of 944 and 48?
16
Calculate the highest common divisor of 1958 and 1980.
22
Calculate the highest common divisor of 5 and 2186755.
5
What is the highest common factor of 445066 and 4?
2
Calculate the greatest common divisor of 2782 and 2262.
26
What is the highest common factor of 56 and 54922?
14
Calculate the greatest common divisor of 6030 and 1305.
45
What is the greatest common factor of 64843 and 56339?
1063
Calculate the highest common divisor of 262974 and 615.
123
Calculate the highest common divisor of 1366 and 5160065.
683
Calculate the highest common divisor of 184834 and 26.
26
What is the greatest common factor of 640 and 75648?
128
What is the highest common divisor of 374 and 10816828?
374
What is the highest common divisor of 2757 and 9?
3
Calculate the greatest common divisor of 135688 and 56.
56
Calculate the greatest common divisor of 31562 and 5547.
43
Calculate the highest common factor of 98219 and 110.
11
What is the highest common factor of 12270 and 210?
30
What is the highest common divisor of 3850 and 6300?
350
What is the highest common divisor of 13936 and 8476?
52
Calculate the greatest common factor of 541492 and 2563.
233
What is the highest common divisor of 1421 and 103936?
203
What is the highest common divisor of 7596 and 80813?
211
Calculate the greatest common divisor of 4323900 and 213.
213
What is the greatest common divisor of 351318 and 22?
22
What is the greatest common factor of 728 and 4394?
26
Calculate the highest common factor of 194024 and 4424.
632
What is the highest common factor of 419885 and 1343?
79
What is the greatest common divisor of 975 and 64905?
15
What is the greatest common divisor of 61821 and 72?
9
Calculate the highest common factor of 36 and 15084.
36
What is the highest common divisor of 580 and 6670?
290
Calculate the greatest common divisor of 690 and 140.
10
What is the greatest common factor of 6969 and 49389?
303
What is the highest common divisor of 1936 and 68816?
176
What is the highest common factor of 88579 and 11581?
313
Calculate the greatest common divisor of 1077 and 1786384.
359
Calculate the highest common factor of 89320 and 1120.
280
What is the greatest common factor of 66 and 86262?
66
Calculate the greatest common divisor of 28593 and 1296.
81
What is the greatest common divisor of 8272 and 11891?
517
Calculate the highest common divisor of 49872 and 288.
48
What is the highest common divisor of 1680 and 3307360?
560
What is the highest common factor of 19 and 7227?
1
Calculate the highest common divisor of 584 and 36212.
4
What is the highest common divisor of 13 and 53599?
13
Calculate the greatest common factor of 207 and 8579.
23
What is the greatest common divisor of 1506 and 258?
6
Calculate the highest common divisor of 425 and 1921.
17
What is the highest common factor of 4044 and 5388?
12
What is the highest common divisor of 527 and 18479?
17
Calculate the highest common divisor of 96 and 142176.
96
Calculate the highest common factor of 151052 and 132.
44
Calculate the highest common divisor of 63 and 1246903.
7
Calculate the highest common divisor of 518085 and 45.
45
Calculate the greatest common divisor of 1277086 and 692.
346
Calculate the highest common factor of 51 and 13929.
3
What is the highest common factor of 1260 and 2660?
140
Calculate the highest common divisor of 14806 and 2019.
673
What is 